{"id":8262,"date":"2022-01-27T08:21:28","date_gmt":"2022-01-27T08:21:28","guid":{"rendered":"https:\/\/lichtenberg-leipzig.de\/web\/?page_id=8262"},"modified":"2022-01-27T09:35:18","modified_gmt":"2022-01-27T09:35:18","slug":"lvb","status":"publish","type":"page","link":"https:\/\/lichtenberg-leipzig.de\/web\/lvb\/","title":{"rendered":"LVB"},"content":{"rendered":"\t\t<div data-elementor-type=\"wp-page\" data-elementor-id=\"8262\" class=\"elementor elementor-8262\">\n\t\t\t\t\t\t<section class=\"elementor-section elementor-top-section elementor-element elementor-element-499c599 elementor-section-boxed elementor-section-height-default elementor-section-height-default\" data-id=\"499c599\" data-element_type=\"section\">\n\t\t\t\t\t\t<div class=\"elementor-container elementor-column-gap-default\">\n\t\t\t\t\t<div class=\"elementor-column elementor-col-100 elementor-top-column elementor-element elementor-element-62ea7a7\" data-id=\"62ea7a7\" data-element_type=\"column\">\n\t\t\t<div class=\"elementor-widget-wrap elementor-element-populated\">\n\t\t\t\t\t\t<div class=\"elementor-element elementor-element-4ef73c3 elementor-widget elementor-widget-heading\" data-id=\"4ef73c3\" data-element_type=\"widget\" data-widget_type=\"heading.default\">\n\t\t\t\t<div class=\"elementor-widget-container\">\n\t\t\t<h2 class=\"elementor-heading-title elementor-size-default\">Die Erreichbarkeit unserer Schule<\/h2>\t\t<\/div>\n\t\t\t\t<\/div>\n\t\t\t\t\t<\/div>\n\t\t<\/div>\n\t\t\t\t\t<\/div>\n\t\t<\/section>\n\t\t\t\t<section class=\"elementor-section elementor-top-section elementor-element elementor-element-14a2e19 elementor-section-boxed elementor-section-height-default elementor-section-height-default\" data-id=\"14a2e19\" data-element_type=\"section\">\n\t\t\t\t\t\t<div class=\"elementor-container elementor-column-gap-default\">\n\t\t\t\t\t<div class=\"elementor-column elementor-col-50 elementor-top-column elementor-element elementor-element-27948af\" data-id=\"27948af\" data-element_type=\"column\">\n\t\t\t<div class=\"elementor-widget-wrap elementor-element-populated\">\n\t\t\t\t\t\t<div class=\"elementor-element elementor-element-b020a0d elementor-widget elementor-widget-image\" data-id=\"b020a0d\" data-element_type=\"widget\" data-widget_type=\"image.default\">\n\t\t\t\t<div class=\"elementor-widget-container\">\n\t\t\t\t\t\t\t\t\t\t\t\t\t<img fetchpriority=\"high\" decoding=\"async\" width=\"300\" height=\"300\" src=\"https:\/\/lichtenberg-leipzig.de\/web\/wp-content\/uploads\/sites\/3\/2022\/01\/LVB-300x300.jpg\" class=\"attachment-medium size-medium wp-image-8315\" alt=\"\" srcset=\"https:\/\/lichtenberg-leipzig.de\/web\/wp-content\/uploads\/sites\/3\/2022\/01\/LVB-300x300.jpg 300w, https:\/\/lichtenberg-leipzig.de\/web\/wp-content\/uploads\/sites\/3\/2022\/01\/LVB-150x150.jpg 150w, https:\/\/lichtenberg-leipzig.de\/web\/wp-content\/uploads\/sites\/3\/2022\/01\/LVB.jpg 400w\" sizes=\"(max-width: 300px) 100vw, 300px\" \/>\t\t\t\t\t\t\t\t\t\t\t\t\t<\/div>\n\t\t\t\t<\/div>\n\t\t\t\t\t<\/div>\n\t\t<\/div>\n\t\t\t\t<div class=\"elementor-column elementor-col-50 elementor-top-column elementor-element elementor-element-586e141\" data-id=\"586e141\" data-element_type=\"column\">\n\t\t\t<div class=\"elementor-widget-wrap elementor-element-populated\">\n\t\t\t\t\t\t<div class=\"elementor-element elementor-element-7dbfbb8 elementor-widget elementor-widget-image\" data-id=\"7dbfbb8\" data-element_type=\"widget\" data-widget_type=\"image.default\">\n\t\t\t\t<div class=\"elementor-widget-container\">\n\t\t\t\t\t\t\t\t\t\t\t\t\t<img decoding=\"async\" width=\"750\" height=\"375\" src=\"https:\/\/lichtenberg-leipzig.de\/web\/wp-content\/uploads\/sites\/3\/2022\/01\/LVB-II-1024x512.jpg\" class=\"attachment-large size-large wp-image-8326\" alt=\"\" srcset=\"https:\/\/lichtenberg-leipzig.de\/web\/wp-content\/uploads\/sites\/3\/2022\/01\/LVB-II-1024x512.jpg 1024w, https:\/\/lichtenberg-leipzig.de\/web\/wp-content\/uploads\/sites\/3\/2022\/01\/LVB-II-300x150.jpg 300w, https:\/\/lichtenberg-leipzig.de\/web\/wp-content\/uploads\/sites\/3\/2022\/01\/LVB-II-768x384.jpg 768w, https:\/\/lichtenberg-leipzig.de\/web\/wp-content\/uploads\/sites\/3\/2022\/01\/LVB-II.jpg 1400w\" sizes=\"(max-width: 750px) 100vw, 750px\" \/>\t\t\t\t\t\t\t\t\t\t\t\t\t<\/div>\n\t\t\t\t<\/div>\n\t\t\t\t\t<\/div>\n\t\t<\/div>\n\t\t\t\t\t<\/div>\n\t\t<\/section>\n\t\t\t\t<section class=\"elementor-section elementor-top-section elementor-element elementor-element-ad4f52c elementor-section-boxed elementor-section-height-default elementor-section-height-default\" data-id=\"ad4f52c\" data-element_type=\"section\">\n\t\t\t\t\t\t<div class=\"elementor-container elementor-column-gap-default\">\n\t\t\t\t\t<div class=\"elementor-column elementor-col-100 elementor-top-column elementor-element elementor-element-44720ab\" data-id=\"44720ab\" data-element_type=\"column\">\n\t\t\t<div class=\"elementor-widget-wrap elementor-element-populated\">\n\t\t\t\t\t\t<div class=\"elementor-element elementor-element-aa24ffd elementor-widget elementor-widget-text-editor\" data-id=\"aa24ffd\" data-element_type=\"widget\" data-widget_type=\"text-editor.default\">\n\t\t\t\t<div class=\"elementor-widget-container\">\n\t\t\t\t\t\t\t<p><strong>Hier finden Sie alle Informationen rund um die Erreichbarkeit unserer Schule mithilfe der LVB<\/strong><\/p><p>Unter folgendem Link\u00a0<span style=\"color: #00ccff;\"><a href=\"https:\/\/youtu.be\/dYPv6ZPiY0E\" style=\"color: #00ccff;\">https:\/\/youtu.be\/dYPv6ZPiY0E<\/a><\/span> finden Sie ein Video auf dem YouTube-Kanal der Leipziger Gruppe mit einiger kurzen Ansprache an die Eltern und Sch\u00fcler*innen und einer Zusammenfassung unseres Anliegens, das wir auch im Rahmen der Veranstaltungen vortragen w\u00fcrden.<\/p><p>Informationen auf unserer Homepage<\/p><p>Alle aktuellen Informationen zu den Sch\u00fclerprodukten f\u00fcr Leipziger Sch\u00fcler*innen finden Sie unter <a href=\"http:\/\/www.L.de\/schueler\"><span style=\"color: #00ccff;\">www.L.de\/schueler<\/span><\/a>.<\/p><p>Fahrplaninformationen gibt es unter <a href=\"http:\/\/www.L.de\/fahrplan\"><span style=\"color: #00ccff;\">www.L.de\/fahrplan<\/span><\/a>. Dort kann man sich zum einen die Verbindung raussuchen, aber auch die Haltestellenfahrpl\u00e4ne der einzelnen Stra\u00dfenbahn- und Buslinien runterladen.<\/p><p>Aktuelle Fahrplan- und Linienausk\u00fcnfte in LeipzigMOVE<\/p><p>\u00dcber unsere Mobilit\u00e4ts-App LeipzigMOVE kann man sich die Verbindungsauskunft direkt aufs Smartphone holen. Der Vorteil an der App ist, dass auch eventuelle Linien\u00e4nderungen oder Versp\u00e4tungen angezeigt werden. Die Verbindungsauskunft selbst ist kostenlos und ben\u00f6tigt keine Registrierung in der App. Kosten entstehen nur bei Ticketverk\u00e4ufen oder einem LeipzigMOVE-Vertragsabschluss.<\/p><p>Einladung zum Livestream \u201eFrag\u2018 Frank!\u201c am 10.02.2022<\/p><p>Da wir auf die Fragen der Eltern und Sch\u00fcler*innen gern auch individuell eingehen m\u00f6chten, bieten wir am 10.02.2021 um 17 Uhr einen Livestream per MS Teams an. Es muss kein zus\u00e4tzliches Programm heruntergeladen werden. Man kann einfach nach dem Anklicken als Gast \u00fcber den Internetbrowser teilnehmen. Die Eltern sollten sich p\u00fcnktlich einw\u00e4hlen, damit wir rechtzeitig starten k\u00f6nnen. Wenn Sie zwischendurch Fragen haben, und bereits eine andere Frage beantwortet wird, k\u00f6nnen Sie die Chatfunktion benutzen. Wenn die Eltern nicht sprechen, dann bitten wir lediglich darum, die Mikrofone stumm zu schalten. So lassen sich St\u00f6rger\u00e4usche vermeiden.<\/p><p><a href=\"https:\/\/teams.microsoft.com\/l\/meetup-join\/19:meeting_NzQ1OTdjYjQtNjk2Mi00NWJlLWE3NmEtZmQ4MzlhNTEzMDAx@thread.v2\/0?context=%7B%22Tid%22:%22c9747388-9108-4882-b3cc-39021aa5e2ec%22,%22Oid%22:%227fa99055-ff6d-45be-9729-ca518e504c0d%22%7D\"><span style=\"color: #00ccff;\">https:\/\/teams.microsoft.com\/l\/meetup-join\/19:meeting_NzQ1OTdjYjQtNjk2Mi00NWJlLWE3NmEtZmQ4MzlhNTEzMDAx@thread.v2\/0?context=%7B%22Tid%22:%22c9747388-9108-4882-b3cc-39021aa5e2ec%22,%22Oid%22:%227fa99055-ff6d-45be-9729-ca518e504c0d%22%7D<\/span><\/a><\/p><p><\/p><p><em>Bilder\/ Quelle: LVB<\/em><\/p>\t\t\t\t\t\t<\/div>\n\t\t\t\t<\/div>\n\t\t\t\t\t<\/div>\n\t\t<\/div>\n\t\t\t\t\t<\/div>\n\t\t<\/section>\n\t\t\t\t<section class=\"elementor-section elementor-top-section elementor-element elementor-element-c8cbca3 elementor-section-boxed elementor-section-height-default elementor-section-height-default\" data-id=\"c8cbca3\" data-element_type=\"section\">\n\t\t\t\t\t\t<div class=\"elementor-container elementor-column-gap-default\">\n\t\t\t\t\t<div class=\"elementor-column elementor-col-100 elementor-top-column elementor-element elementor-element-32b5a03\" data-id=\"32b5a03\" data-element_type=\"column\">\n\t\t\t<div class=\"elementor-widget-wrap\">\n\t\t\t\t\t\t\t<\/div>\n\t\t<\/div>\n\t\t\t\t\t<\/div>\n\t\t<\/section>\n\t\t\t\t<\/div>\n\t\t","protected":false},"excerpt":{"rendered":"<p>Die Erreichbarkeit unserer Schule Hier finden Sie alle Informationen rund um die Erreichbarkeit unserer Schule mithilfe der LVB Unter folgendem Link\u00a0https:\/\/youtu.be\/dYPv6ZPiY0E finden Sie ein Video auf dem YouTube-Kanal der Leipziger Gruppe mit einiger kurzen Ansprache an die Eltern und Sch\u00fcler*innen und einer Zusammenfassung unseres Anliegens, das wir auch im Rahmen [&hellip;]<\/p>\n","protected":false},"author":1,"featured_media":0,"parent":0,"menu_order":0,"comment_status":"closed","ping_status":"closed","template":"page-templates\/template-pagebuilder-full-width.php","meta":{"footnotes":""},"_links":{"self":[{"href":"https:\/\/lichtenberg-leipzig.de\/web\/wp-json\/wp\/v2\/pages\/8262"}],"collection":[{"href":"https:\/\/lichtenberg-leipzig.de\/web\/wp-json\/wp\/v2\/pages"}],"about":[{"href":"https:\/\/lichtenberg-leipzig.de\/web\/wp-json\/wp\/v2\/types\/page"}],"author":[{"embeddable":true,"href":"https:\/\/lichtenberg-leipzig.de\/web\/wp-json\/wp\/v2\/users\/1"}],"replies":[{"embeddable":true,"href":"https:\/\/lichtenberg-leipzig.de\/web\/wp-json\/wp\/v2\/comments?post=8262"}],"version-history":[{"count":41,"href":"https:\/\/lichtenberg-leipzig.de\/web\/wp-json\/wp\/v2\/pages\/8262\/revisions"}],"predecessor-version":[{"id":8338,"href":"https:\/\/lichtenberg-leipzig.de\/web\/wp-json\/wp\/v2\/pages\/8262\/revisions\/8338"}],"wp:attachment":[{"href":"https:\/\/lichtenberg-leipzig.de\/web\/wp-json\/wp\/v2\/media?parent=8262"}],"curies":[{"name":"wp","href":"https:\/\/api.w.org\/{rel}","templated":true}]}}