{"id":8455,"date":"2022-01-27T19:16:50","date_gmt":"2022-01-27T19:16:50","guid":{"rendered":"https:\/\/lichtenberg-leipzig.de\/web\/?page_id=8455"},"modified":"2022-01-27T19:30:45","modified_gmt":"2022-01-27T19:30:45","slug":"klassenrat","status":"publish","type":"page","link":"https:\/\/lichtenberg-leipzig.de\/web\/klassenrat\/","title":{"rendered":"Klassenrat"},"content":{"rendered":"\t\t<div data-elementor-type=\"wp-page\" data-elementor-id=\"8455\" class=\"elementor elementor-8455\">\n\t\t\t\t\t\t<section class=\"elementor-section elementor-top-section elementor-element elementor-element-b6c13b6 elementor-section-boxed elementor-section-height-default elementor-section-height-default\" data-id=\"b6c13b6\" data-element_type=\"section\">\n\t\t\t\t\t\t<div class=\"elementor-container elementor-column-gap-default\">\n\t\t\t\t\t<div class=\"elementor-column elementor-col-100 elementor-top-column elementor-element elementor-element-eb939a1\" data-id=\"eb939a1\" data-element_type=\"column\">\n\t\t\t<div class=\"elementor-widget-wrap elementor-element-populated\">\n\t\t\t\t\t\t<div class=\"elementor-element elementor-element-1836e1e elementor-widget elementor-widget-heading\" data-id=\"1836e1e\" data-element_type=\"widget\" data-widget_type=\"heading.default\">\n\t\t\t\t<div class=\"elementor-widget-container\">\n\t\t\t<h2 class=\"elementor-heading-title elementor-size-default\">Klassenrat<\/h2>\t\t<\/div>\n\t\t\t\t<\/div>\n\t\t\t\t\t<\/div>\n\t\t<\/div>\n\t\t\t\t\t<\/div>\n\t\t<\/section>\n\t\t\t\t<section class=\"elementor-section elementor-top-section elementor-element elementor-element-d996b13 elementor-section-boxed elementor-section-height-default elementor-section-height-default\" data-id=\"d996b13\" data-element_type=\"section\">\n\t\t\t\t\t\t<div class=\"elementor-container elementor-column-gap-default\">\n\t\t\t\t\t<div class=\"elementor-column elementor-col-50 elementor-top-column elementor-element elementor-element-6572411\" data-id=\"6572411\" data-element_type=\"column\">\n\t\t\t<div class=\"elementor-widget-wrap elementor-element-populated\">\n\t\t\t\t\t\t<div class=\"elementor-element elementor-element-3b37b71 elementor-widget elementor-widget-text-editor\" data-id=\"3b37b71\" data-element_type=\"widget\" data-widget_type=\"text-editor.default\">\n\t\t\t\t<div class=\"elementor-widget-container\">\n\t\t\t\t\t\t\t<p><span>&#8220;An unserer Schule gibt es den Klassenrat. Der Klassenrat ist eine Konferenz, bei der wir z.B. Probleme oder Termine in der Klasse besprechen und l\u00f6sen. Einigen Kindern werden Rollen gegeben. Es gibt die Zeitw\u00e4chterin, diese achtet darauf, dass wir die Zeit einteilen. Dann der Protokollant, er schreibt Beschl\u00fcsse und Anliegen auf. Daf\u00fcr hat er einen Block, auf dem er nur ausf\u00fcllen muss. Als n\u00e4chstes kommt der Regelw\u00e4chter, er \u00fcberwacht z. B. dass, wenn jemand redet, ein anderer nicht reinquatscht. Nun der Vorsitzende, er sagt wer von denen, die sich melden, drankommt. Er f\u00fchrt die Diskussion. Zum Schluss noch die Ratsmitglieder, das ist die ganze Klasse, die bringt ihre Anliegen und Meinung ein. \u00dcbrigens: Jeder kann mindestens einmal jede Rolle \u00fcbernehmen.&#8221;<\/span><\/p><p>Sch\u00fclerinnen und Sch\u00fcler der Klasse 6\/2<\/p>\t\t\t\t\t\t<\/div>\n\t\t\t\t<\/div>\n\t\t\t\t\t<\/div>\n\t\t<\/div>\n\t\t\t\t<div class=\"elementor-column elementor-col-50 elementor-top-column elementor-element elementor-element-ee8f115\" data-id=\"ee8f115\" data-element_type=\"column\">\n\t\t\t<div class=\"elementor-widget-wrap elementor-element-populated\">\n\t\t\t\t\t\t<div class=\"elementor-element elementor-element-cb03c02 elementor-widget elementor-widget-image\" data-id=\"cb03c02\" data-element_type=\"widget\" data-widget_type=\"image.default\">\n\t\t\t\t<div class=\"elementor-widget-container\">\n\t\t\t\t\t\t\t\t\t\t\t\t\t<img fetchpriority=\"high\" decoding=\"async\" width=\"640\" height=\"426\" src=\"https:\/\/lichtenberg-leipzig.de\/web\/wp-content\/uploads\/sites\/3\/2022\/01\/color-g6f10f053b_640.jpg\" class=\"attachment-large size-large wp-image-8463\" alt=\"\" srcset=\"https:\/\/lichtenberg-leipzig.de\/web\/wp-content\/uploads\/sites\/3\/2022\/01\/color-g6f10f053b_640.jpg 640w, https:\/\/lichtenberg-leipzig.de\/web\/wp-content\/uploads\/sites\/3\/2022\/01\/color-g6f10f053b_640-300x200.jpg 300w, https:\/\/lichtenberg-leipzig.de\/web\/wp-content\/uploads\/sites\/3\/2022\/01\/color-g6f10f053b_640-360x240.jpg 360w\" sizes=\"(max-width: 640px) 100vw, 640px\" \/>\t\t\t\t\t\t\t\t\t\t\t\t\t<\/div>\n\t\t\t\t<\/div>\n\t\t\t\t\t<\/div>\n\t\t<\/div>\n\t\t\t\t\t<\/div>\n\t\t<\/section>\n\t\t\t\t<section class=\"elementor-section elementor-top-section elementor-element elementor-element-21d22cb elementor-section-boxed elementor-section-height-default elementor-section-height-default\" data-id=\"21d22cb\" data-element_type=\"section\">\n\t\t\t\t\t\t<div class=\"elementor-container elementor-column-gap-default\">\n\t\t\t\t\t<div class=\"elementor-column elementor-col-100 elementor-top-column elementor-element elementor-element-a9b202a\" data-id=\"a9b202a\" data-element_type=\"column\">\n\t\t\t<div class=\"elementor-widget-wrap elementor-element-populated\">\n\t\t\t\t\t\t<div class=\"elementor-element elementor-element-9ddf2de elementor-align-center elementor-widget elementor-widget-button\" data-id=\"9ddf2de\" data-element_type=\"widget\" data-widget_type=\"button.default\">\n\t\t\t\t<div class=\"elementor-widget-container\">\n\t\t\t\t\t<div class=\"elementor-button-wrapper\">\n\t\t\t<a class=\"elementor-button elementor-button-link elementor-size-md\" href=\"https:\/\/www.derklassenrat.de\">\n\t\t\t\t\t\t<span class=\"elementor-button-content-wrapper\">\n\t\t\t\t\t\t\t\t\t<span class=\"elementor-button-text\">Hier geht's zur Website<\/span>\n\t\t\t\t\t<\/span>\n\t\t\t\t\t<\/a>\n\t\t<\/div>\n\t\t\t\t<\/div>\n\t\t\t\t<\/div>\n\t\t\t\t\t<\/div>\n\t\t<\/div>\n\t\t\t\t\t<\/div>\n\t\t<\/section>\n\t\t\t\t<\/div>\n\t\t","protected":false},"excerpt":{"rendered":"<p>Klassenrat &#8220;An unserer Schule gibt es den Klassenrat. Der Klassenrat ist eine Konferenz, bei der wir z.B. Probleme oder Termine in der Klasse besprechen und l\u00f6sen. Einigen Kindern werden Rollen gegeben. Es gibt die Zeitw\u00e4chterin, diese achtet darauf, dass wir die Zeit einteilen. Dann der Protokollant, er schreibt Beschl\u00fcsse und [&hellip;]<\/p>\n","protected":false},"author":11,"featured_media":0,"parent":0,"menu_order":0,"comment_status":"closed","ping_status":"closed","template":"page-templates\/template-pagebuilder-full-width.php","meta":{"footnotes":""},"_links":{"self":[{"href":"https:\/\/lichtenberg-leipzig.de\/web\/wp-json\/wp\/v2\/pages\/8455"}],"collection":[{"href":"https:\/\/lichtenberg-leipzig.de\/web\/wp-json\/wp\/v2\/pages"}],"about":[{"href":"https:\/\/lichtenberg-leipzig.de\/web\/wp-json\/wp\/v2\/types\/page"}],"author":[{"embeddable":true,"href":"https:\/\/lichtenberg-leipzig.de\/web\/wp-json\/wp\/v2\/users\/11"}],"replies":[{"embeddable":true,"href":"https:\/\/lichtenberg-leipzig.de\/web\/wp-json\/wp\/v2\/comments?post=8455"}],"version-history":[{"count":14,"href":"https:\/\/lichtenberg-leipzig.de\/web\/wp-json\/wp\/v2\/pages\/8455\/revisions"}],"predecessor-version":[{"id":8483,"href":"https:\/\/lichtenberg-leipzig.de\/web\/wp-json\/wp\/v2\/pages\/8455\/revisions\/8483"}],"wp:attachment":[{"href":"https:\/\/lichtenberg-leipzig.de\/web\/wp-json\/wp\/v2\/media?parent=8455"}],"curies":[{"name":"wp","href":"https:\/\/api.w.org\/{rel}","templated":true}]}}